{"id":500,"date":"2023-08-14T12:58:56","date_gmt":"2023-08-14T12:58:56","guid":{"rendered":"https:\/\/www.iese.ac.mz\/coesao-social\/?page_id=500"},"modified":"2023-10-20T10:47:43","modified_gmt":"2023-10-20T10:47:43","slug":"cdd","status":"publish","type":"page","link":"https:\/\/www.iese.ac.mz\/coesao-social\/cdd\/","title":{"rendered":"CDD"},"content":{"rendered":"\t\t<div data-elementor-type=\"wp-page\" data-elementor-id=\"500\" class=\"elementor elementor-500\" data-elementor-post-type=\"page\">\n\t\t\t\t<div class=\"elementor-element elementor-element-27f61cd e-flex e-con-boxed e-con e-parent\" data-id=\"27f61cd\" data-element_type=\"container\" data-e-type=\"container\">\n\t\t\t\t\t<div class=\"e-con-inner\">\n\t\t\t\t<div class=\"elementor-element elementor-element-3b09558 elementor-widget elementor-widget-heading\" data-id=\"3b09558\" data-element_type=\"widget\" data-e-type=\"widget\" data-widget_type=\"heading.default\">\n\t\t\t\t<div class=\"elementor-widget-container\">\n\t\t\t\t\t<h2 class=\"elementor-heading-title elementor-size-default\"><a href=\"https:\/\/cddmoz.org\/\">O CDD \u00e9 respons\u00e1vel pela realiza\u00e7\u00e3o dos seguintes produtos:<\/a><\/h2>\t\t\t\t<\/div>\n\t\t\t\t<\/div>\n\t\t\t\t\t<\/div>\n\t\t\t\t<\/div>\n\t\t<div class=\"elementor-element elementor-element-214518b e-flex e-con-boxed e-con e-parent\" data-id=\"214518b\" data-element_type=\"container\" data-e-type=\"container\">\n\t\t\t\t\t<div class=\"e-con-inner\">\n\t\t\t\t<div class=\"elementor-element elementor-element-11f9fc2 elementor-widget elementor-widget-text-editor\" data-id=\"11f9fc2\" data-element_type=\"widget\" data-e-type=\"widget\" data-widget_type=\"text-editor.default\">\n\t\t\t\t<div class=\"elementor-widget-container\">\n\t\t\t\t\t\t\t\t\t<ul><li>Treinamento de 180 l\u00edderes juvenis (idades 18-28 anos) em lideran\u00e7a, engajamento c\u00edvico, empreendedorismo e habilidades para o s\u00e9culo XXI;<\/li><li>Cria\u00e7\u00e3o de seis Centros de Jovens para promover a participa\u00e7\u00e3o activa dos adolescentes e jovens nas suas comunidades, programas de desenvolvimento social e empreendedorismo;<\/li><li>Apoio aos Centros de Jovens e jovens activistas no acesso a espa\u00e7os seguros de tomada de decis\u00f5es dos governos locais e plataformas de di\u00e1logo.<\/li><\/ul><p>\u00c0 semelhan\u00e7a do que acontece no pilar da Funda\u00e7\u00e3o MASC, neste pilar do CDD, o envolvimento directo dos adolescentes e jovens na an\u00e1lise dos problemas da sua comunidade e elabora\u00e7\u00e3o de estrat\u00e9gias para resolu\u00e7\u00e3o das mesmas, envolvendo autoridades relevantes assim como usando o capital social existente, ir\u00e1 refor\u00e7ar o sentido de solidariedade dentro da comunidade e a imagem positiva dos jovens como participantes activos das suas comunidades.<\/p><p>Os adolescentes e jovens ir\u00e3o aceder aos Centros de Jovens, que s\u00e3o espa\u00e7os inclusivos e protegidos de intera\u00e7\u00e3o entre pares com vista a aceder a forma\u00e7\u00f5es sobre v\u00e1rias tem\u00e1ticas, assim como a portunidades de engajamento c\u00edvico liderado por adolescentes e jovens na comunidade sobre assuntos identificados como relevantes. Ter\u00e3o oportunidade de colaborar com uma ampla rede de jovens de todo o pa\u00eds, atrav\u00e9s dos espa\u00e7os online providenciados pelo CDD. Eles ter\u00e3o oportunidade para interagir com autoridades para exprimirem suas preocupa\u00e7\u00f5es, nomeadamente atrav\u00e9s da organiza\u00e7\u00e3o de reuni\u00f5es TownHall. Ser\u00e3o apresentadas propostas de planifica\u00e7\u00e3o de pol\u00edticas \u00e0s autoridades locais (position papers) e registadas as que s\u00e3o adoptadas (inteira ou parcialmente).<\/p><p>A Academia de Lideran\u00e7a Transformacional pretende engajar anualmente 30 jovens (total de 90 jovens durante os tr\u00eas anos do programa), com mais de 18 anos de idade e com motiva\u00e7\u00e3o e alguma experi\u00eancia de engajamento para fins comunit\u00e1rios. Espera-se que os mesmos j\u00e1 tenham completado ou estejam em fase de completar o n\u00edvel de educa\u00e7\u00e3o superior. O programa visa providenciar forma\u00e7\u00e3o online e presencial atrav\u00e9s de um bootcamp intensivo de uma semana.<\/p><p>Ser\u00e1 promovida a organiza\u00e7\u00e3o dos jovens em rede, a qual inclui uma componente de activismo online onde jovens de diferentes distritos e prov\u00edncias poder\u00e3o usufruir de um espa\u00e7o para debater quest\u00f5es de interesse para os mesmos. A n\u00edvel nacional, o CDD proporcionar\u00e1 plataformas de social media online como forma inclusiva e protegida de activismo entre jovens, assim como interac\u00e7\u00f5es com as diversas entidades. A CDD Youth Online TV \u00e9 uma plataforma nacional para a participa\u00e7\u00e3o e empoderamento de jovens. A CDD Youth Online TV surge para conectar os jovens e aumentar a sua participa\u00e7\u00e3o em institui\u00e7\u00f5es locais, provinciais e nacionais. A mesma permite que os usu\u00e1rios divulguem informa\u00e7\u00f5es sobre quest\u00f5es pol\u00edticas e\/ou sociais. O CDD faz parte de um conjunto de redes de activismo e direitos humanos na regi\u00e3o da \u00c1frica Austral, que inclui a Comunidade para o Desenvolvimento da \u00c1frica Austral (SADC) e ir\u00e1 proporcionar aos adolescentes e jovens oportunidades para aceder a diversos f\u00f3runs de debate de pares.<\/p><p>Ap\u00f3s as forma\u00e7\u00f5es, os jovens iniciam directamente as suas actividades de engajamento c\u00edvico individual ou em conjunto com outros jovens da academia de lideran\u00e7a online e presencial em \u00e1reas de interesse p\u00fablico, considerando o seu contexto local. Em rela\u00e7\u00e3o aos jovens da Academia de Lideran\u00e7a Transformacional, ser\u00e3o realizadas entrevistas com os seus graduados a fim de aferir os benef\u00edcios da sua participa\u00e7\u00e3o no programa, bem como seguimento de Alumni (oportunidades de engajamento c\u00edvico).<\/p>\t\t\t\t\t\t\t\t<\/div>\n\t\t\t\t<\/div>\n\t\t\t\t\t<\/div>\n\t\t\t\t<\/div>\n\t\t<div class=\"elementor-element elementor-element-f421141 e-flex e-con-boxed e-con e-parent\" data-id=\"f421141\" data-element_type=\"container\" data-e-type=\"container\">\n\t\t\t\t\t<div class=\"e-con-inner\">\n\t\t\t\t<div class=\"elementor-element elementor-element-4a42b3a elementor-widget elementor-widget-heading\" data-id=\"4a42b3a\" data-element_type=\"widget\" data-e-type=\"widget\" data-widget_type=\"heading.default\">\n\t\t\t\t<div class=\"elementor-widget-container\">\n\t\t\t\t\t<p class=\"elementor-heading-title elementor-size-default\"><a href=\"https:\/\/cddmoz.org\/\">Website do CDD<\/a><\/p>\t\t\t\t<\/div>\n\t\t\t\t<\/div>\n\t\t\t\t\t<\/div>\n\t\t\t\t<\/div>\n\t\t\t\t<\/div>\n\t\t","protected":false},"excerpt":{"rendered":"<p>O CDD \u00e9 respons\u00e1vel pela realiza\u00e7\u00e3o dos seguintes produtos: Treinamento de 180 l\u00edderes juvenis (idades 18-28 anos) em lideran\u00e7a, engajamento c\u00edvico, empreendedorismo e habilidades para o s\u00e9culo XXI; Cria\u00e7\u00e3o de [&hellip;]<\/p>\n","protected":false},"author":1,"featured_media":0,"parent":0,"menu_order":0,"comment_status":"closed","ping_status":"closed","template":"","meta":{"give_campaign_id":0,"footnotes":""},"class_list":["post-500","page","type-page","status-publish","hentry","has-post-title","has-post-date","has-post-category","has-post-tag","has-post-comment","has-post-author",""],"campaignId":"","jetpack_sharing_enabled":true,"builder_content":"","_links":{"self":[{"href":"https:\/\/www.iese.ac.mz\/coesao-social\/wp-json\/wp\/v2\/pages\/500","targetHints":{"allow":["GET"]}}],"collection":[{"href":"https:\/\/www.iese.ac.mz\/coesao-social\/wp-json\/wp\/v2\/pages"}],"about":[{"href":"https:\/\/www.iese.ac.mz\/coesao-social\/wp-json\/wp\/v2\/types\/page"}],"author":[{"embeddable":true,"href":"https:\/\/www.iese.ac.mz\/coesao-social\/wp-json\/wp\/v2\/users\/1"}],"replies":[{"embeddable":true,"href":"https:\/\/www.iese.ac.mz\/coesao-social\/wp-json\/wp\/v2\/comments?post=500"}],"version-history":[{"count":7,"href":"https:\/\/www.iese.ac.mz\/coesao-social\/wp-json\/wp\/v2\/pages\/500\/revisions"}],"predecessor-version":[{"id":1430,"href":"https:\/\/www.iese.ac.mz\/coesao-social\/wp-json\/wp\/v2\/pages\/500\/revisions\/1430"}],"wp:attachment":[{"href":"https:\/\/www.iese.ac.mz\/coesao-social\/wp-json\/wp\/v2\/media?parent=500"}],"curies":[{"name":"wp","href":"https:\/\/api.w.org\/{rel}","templated":true}]}}