{"id":427,"date":"2021-08-20T12:50:32","date_gmt":"2021-08-20T12:50:32","guid":{"rendered":"https:\/\/www.iese.ac.mz\/tips-mozambique\/?page_id=427"},"modified":"2022-02-07T12:14:28","modified_gmt":"2022-02-07T12:14:28","slug":"pesquisa","status":"publish","type":"page","link":"https:\/\/www.iese.ac.mz\/tips-mozambique\/pesquisa\/","title":{"rendered":"Pesquisa"},"content":{"rendered":"<p>A pesquisa participativa sens\u00edvel a conflitos do Projecto TIPS (<em>Towards Inclusive and Peaceful Society in Mozambique<\/em>) visa contribuir para a preven\u00e7\u00e3o de conflitos e uma melhor inclus\u00e3o social na gest\u00e3o de recursos naturais, atrav\u00e9s de trabalho de campo em cinco prov\u00edncias em Mo\u00e7ambique: Niassa, Cabo Delgado, Tete, Sofala e Inhambane. Estas prov\u00edncias foram seleccionadas porque t\u00eam explora\u00e7\u00e3o significativa de recursos naturais e acolhem grandes projectos no sector da minera\u00e7\u00e3o, petr\u00f3leo e g\u00e1s natural. Consequentemente, estas prov\u00edncias tamb\u00e9m apresentam conflitos e viol\u00eancia relacionados com estas actividades ou riscos crescentes destes poderem ocorrer, o que requer uma interven\u00e7\u00e3o acad\u00e9mica e social urgente.<\/p>\n<p>Os objectivos principais da pesquisa s\u00e3o os seguintes: (i) mapear os conflitos locais e os actores da constru\u00e7\u00e3o da paz, (ii) compreender as percep\u00e7\u00f5es locais da din\u00e2mica do conflito e das poss\u00edveis solu\u00e7\u00f5es, (iii) avaliar as necessidades, pontos fortes e limita\u00e7\u00f5es dos benefici\u00e1rios do projecto, (iv) para al\u00e9m de avaliar a din\u00e2mica e as dimens\u00f5es de g\u00eanero e gera\u00e7\u00e3o desses conflitos.<\/p>\n<p>A metodologia usada na pesquisa \u00e9 amplamente qualitativa, participativa e baseada no trabalho de campo. A pesquisa aplica os seguintes m\u00e9todos: revis\u00e3o da literatura, conversas pessoais, discuss\u00f5es de grupos focais e entrevistas com informantes-chave. A pesquisa \u00e9 realizada numa base de an\u00e1lise inicial de materiais relevantes de meios de comunica\u00e7\u00e3o, relat\u00f3rios de ONGs e revis\u00e3o da literatura geral. No entanto, o seu maior foco concentra-se em entrevistas tem\u00e1ticas e conversas subsequentes conduzidas ap\u00f3s a fase de prepara\u00e7\u00e3o. As entrevistas e conversas s\u00e3o realizadas com funcion\u00e1rios de organiza\u00e7\u00f5es da sociedade civil, representantes do sector privado, l\u00edderes comunit\u00e1rios, membros da comunidade e autoridades nacionais e provinciais. A equipa de pesquisa \u00e9 composta pelo Chefe de Pesquisa do IESE, Pesquisador Principal e 10 assistentes de pesquisa locais. Al\u00e9m disso, dois membros da equipe de IT e comunica\u00e7\u00e3o do IESE divulgar\u00e3o os resultados do projecto por meio do website do IESE, redes sociais do Projecto e \u00f3rg\u00e3os de comunica\u00e7\u00e3o social.<\/p>\n<p>O Projecto TIPS tem a dura\u00e7\u00e3o de tr\u00eas anos e os resultados da pesquisa assim como as suas actividades de dissemina\u00e7\u00e3o e comunica\u00e7\u00e3o fornecer\u00e3o uma base de evid\u00eancias s\u00f3lida n\u00e3o apenas para o Projecto TIPS (nomeadamente nas suas componentes de Advocacia, Activismo e Desenvolvimento de capacidades), mas para uso mais amplo por actores de constru\u00e7\u00e3o da paz no pa\u00eds e na regi\u00e3o.<\/p>\n","protected":false},"excerpt":{"rendered":"<p>A pesquisa participativa sens\u00edvel a conflitos do Projecto TIPS (Towards Inclusive and Peaceful Society in Mozambique) visa contribuir para a preven\u00e7\u00e3o de conflitos e uma melhor inclus\u00e3o social na gest\u00e3o de recursos naturais, atrav\u00e9s de trabalho de campo em cinco prov\u00edncias em Mo\u00e7ambique: Niassa, Cabo Delgado, Tete, Sofala e Inhambane. Estas prov\u00edncias foram seleccionadas porque [&hellip;]<\/p>\n","protected":false},"author":1,"featured_media":0,"parent":0,"menu_order":0,"comment_status":"closed","ping_status":"closed","template":"","meta":{"nf_dc_page":"","om_disable_all_campaigns":false,"_monsterinsights_skip_tracking":false,"_monsterinsights_sitenote_active":false,"_monsterinsights_sitenote_note":"","_monsterinsights_sitenote_category":0,"site-sidebar-layout":"default","site-content-layout":"default","ast-site-content-layout":"default","site-content-style":"default","site-sidebar-style":"default","ast-global-header-display":"","ast-banner-title-visibility":"","ast-main-header-display":"","ast-hfb-above-header-display":"","ast-hfb-below-header-display":"","ast-hfb-mobile-header-display":"","site-post-title":"","ast-breadcrumbs-content":"","ast-featured-img":"","footer-sml-layout":"","ast-disable-related-posts":"","theme-transparent-header-meta":"default","adv-header-id-meta":"","stick-header-meta":"","header-above-stick-meta":"","header-main-stick-meta":"","header-below-stick-meta":"","astra-migrate-meta-layouts":"default","ast-page-background-enabled":"default","ast-page-background-meta":{"desktop":{"background-color":"var(--ast-global-color-4)","background-image":"","background-repeat":"repeat","background-position":"center center","background-size":"auto","background-attachment":"scroll","background-type":"","background-media":"","overlay-type":"","overlay-color":"","overlay-opacity":"","overlay-gradient":""},"tablet":{"background-color":"","background-image":"","background-repeat":"repeat","background-position":"center center","background-size":"auto","background-attachment":"scroll","background-type":"","background-media":"","overlay-type":"","overlay-color":"","overlay-opacity":"","overlay-gradient":""},"mobile":{"background-color":"","background-image":"","background-repeat":"repeat","background-position":"center center","background-size":"auto","background-attachment":"scroll","background-type":"","background-media":"","overlay-type":"","overlay-color":"","overlay-opacity":"","overlay-gradient":""}},"ast-content-background-meta":{"desktop":{"background-color":"var(--ast-global-color-5)","background-image":"","background-repeat":"repeat","background-position":"center center","background-size":"auto","background-attachment":"scroll","background-type":"","background-media":"","overlay-type":"","overlay-color":"","overlay-opacity":"","overlay-gradient":""},"tablet":{"background-color":"var(--ast-global-color-5)","background-image":"","background-repeat":"repeat","background-position":"center center","background-size":"auto","background-attachment":"scroll","background-type":"","background-media":"","overlay-type":"","overlay-color":"","overlay-opacity":"","overlay-gradient":""},"mobile":{"background-color":"var(--ast-global-color-5)","background-image":"","background-repeat":"repeat","background-position":"center center","background-size":"auto","background-attachment":"scroll","background-type":"","background-media":"","overlay-type":"","overlay-color":"","overlay-opacity":"","overlay-gradient":""}},"footnotes":""},"class_list":["post-427","page","type-page","status-publish","hentry"],"aioseo_notices":[],"jetpack_sharing_enabled":true,"_links":{"self":[{"href":"https:\/\/www.iese.ac.mz\/tips-mozambique\/wp-json\/wp\/v2\/pages\/427","targetHints":{"allow":["GET"]}}],"collection":[{"href":"https:\/\/www.iese.ac.mz\/tips-mozambique\/wp-json\/wp\/v2\/pages"}],"about":[{"href":"https:\/\/www.iese.ac.mz\/tips-mozambique\/wp-json\/wp\/v2\/types\/page"}],"author":[{"embeddable":true,"href":"https:\/\/www.iese.ac.mz\/tips-mozambique\/wp-json\/wp\/v2\/users\/1"}],"replies":[{"embeddable":true,"href":"https:\/\/www.iese.ac.mz\/tips-mozambique\/wp-json\/wp\/v2\/comments?post=427"}],"version-history":[{"count":4,"href":"https:\/\/www.iese.ac.mz\/tips-mozambique\/wp-json\/wp\/v2\/pages\/427\/revisions"}],"predecessor-version":[{"id":495,"href":"https:\/\/www.iese.ac.mz\/tips-mozambique\/wp-json\/wp\/v2\/pages\/427\/revisions\/495"}],"wp:attachment":[{"href":"https:\/\/www.iese.ac.mz\/tips-mozambique\/wp-json\/wp\/v2\/media?parent=427"}],"curies":[{"name":"wp","href":"https:\/\/api.w.org\/{rel}","templated":true}]}}